Calculate the remainder when w is divided by 14.
12
Calculate the remainder when 261 is divided by (-398)/(-12) - (2 - 99/54).
30
Suppose 134*t - 125*t = 801. Calculate the remainder when 621 is divided by t.
87
Let p = 5 - -2. Let z be (6 + -3)/((-6)/(-24)). Suppose 0 = -2*c - 5*d + 60, -z = -c + 3*d - d. Calculate the remainder when c is divided by p.
6
Let r = -295 + 331. What is the remainder when 66 is divided by r?
30
Let r(q) = 6*q**3 - 3*q**2 - 3*q + 6. Calculate the remainder when 106 is divided by r(2).
34
Let l = 102 - 83. Calculate the remainder when 47 is divided by l.
9
Let n(w) = -w**3 + 4*w**2 - 2*w. Suppose -8*m - 3*v = -10*m + 6, 4*m - 20 = 2*v. Calculate the remainder when m is divided by n(3).
0
Suppose u + 4*y - 3 - 19 = 0, -5*y = 5*u - 110. Let m = u - 20. Calculate the remainder when m - 8/((-4)/4) is divided by 6.
4
Suppose 0 = -31*i + 34*i + 354. Let m = i - -149. Calculate the remainder when 59 is divided by m.
28
Let k(d) = 64*d**2 + 2*d - 1. Calculate the remainder when k(-1) is divided by 4.
1
Let t(d) = 3*d**2 + 2*d - 7. Let c(q) = q**2. Let z(k) = -2*c(k) + t(k). Let u be z(7). Let s = u - 25. What is the remainder when s is divided by 8?
7
Suppose -i + 4*o + 22 = 0, -18 = -i - o - 6. What is the remainder when 150 is divided by i?
10
Let j(p) = -2*p**3 + 30*p**2 - 15*p + 35. What is the remainder when j(14) is divided by 74?
69
Let p be ((-14)/(-35))/((-1)/105). Let x = -2 - p. What is the remainder when 197 is divided by x?
37
Calculate the remainder when 15 is divided by 52/16 - 5/20.
0
Let z = 79 + -50. What is the remainder when 139 is divided by z?
23
Let c be ((-4)/(-6))/((-4)/(-6)). Calculate the remainder when 22/(-4*c/(-4)) is divided by 6.
4
Let f(x) = x**3 - 2*x**2 + 6*x - 6. Let u = 6 - 4. Let l = u - -4. Calculate the remainder when f(3) is divided by l.
3
Suppose 58*q = 66*q - 184. What is the remainder when 136 is divided by q?
21
Suppose 0 = -8*i + 31*i - 23. What is the remainder when 2 is divided by i?
0
Suppose 2*p + 260 = 4*n + 6*p, -4*n + 264 = 5*p. Calculate the remainder when n is divided by 19.
4
Suppose -3*r - y + 85 + 145 = 0, -3*r = -3*y - 234. What is the remainder when r is divided by 41?
36
Suppose 2*k - 7*k + 37 = 4*m, -5*k + 24 = 3*m. Suppose 3*u + 2*u = 310. Calculate the remainder when u is divided by m.
10
What is the remainder when 70 is divided by 15 + 351/(-24) - 285/(-8)?
34
Let u = -5 + 10. What is the remainder when (-195)/(-15)*4/4 is divided by u?
3
Suppose 0 = -3*m - 2*m + 105. Calculate the remainder when (-5*(-75)/(-20))/((18/32)/(-3)) is divided by m.
16
Suppose -5*n - 8*n = 65. Calculate the remainder when 92 is divided by (14 - n/(-5)) + 3.
12
Suppose -9*o + 33668 = 29*o. What is the remainder when o is divided by 37?
35
Let q(z) = z**3 + 10*z**2 - z + 10. Calculate the remainder when q(-7) is divided by 83.
81
Let h(y) be the second derivative of y**3/6 + 9*y**2/2 + 6*y. What is the remainder when h(0) is divided by 3?
0
Suppose -5*f = -484 - 91. Suppose -4*p - f = -9*p. Suppose 0 = 5*h - 15, 0 = b + 3*b - 2*h - 358. Calculate the remainder when b is divided by p.
22
Let w(u) = -u**3 - 25*u**2 - 21*u - 70. What is the remainder when w(-25) is divided by 12?
11
Let c(t) = -3*t + 5. Let k be c(6). Let j = k + 38. Suppose 48 = g + 5*m, 7*m - 204 = -3*g + 4*m. Calculate the remainder when g is divided by j.
23
Let y be ((-15)/10)/((-6)/8). Suppose 0 = 3*d - 4*g - 16, 0*d = -y*d - g + 7. Suppose 34 = -d*r + 106. Calculate the remainder when 52 is divided by r.
16
Let v = -240 + 259. Suppose -5*w + 2*w = -27. What is the remainder when v is divided by w?
1
Calculate the remainder when 71 is divided by ((-46)/8)/((-8)/32).
2
Suppose -4*d - i = -14 - 20, -2*d = -2*i - 12. Suppose -21 = -d*o + 11. What is the remainder when 15 is divided by o?
3
Calculate the remainder when ((-472)/24*3)/(0 - 1) is divided by (-237)/(-12) + 1/4.
19
Suppose 3*a = a - 36. Let y = a + 29. Calculate the remainder when 76 is divided by y.
10
Suppose 4*o - 6 = 2. Suppose 8 + 0 = o*n. Calculate the remainder when 7 is divided by n.
3
Let m = -11 - -14. Calculate the remainder when (11/(-2))/((-1)/2) is divided by m.
2
Let p = -30 - -95. Let o(b) = -14*b + 552. Calculate the remainder when p is divided by o(37).
31
Suppose -7*l + 8*l - 50 = 0. Suppose 0 = 4*v - 34 - 6. What is the remainder when (152/(-10))/((-20)/l) is divided by v?
8
Let d(s) = 3*s + 7. Let p(k) = k**3 - 5*k**2 - k + 10. What is the remainder when d(7) is divided by p(5)?
3
Let z = 11 - -7. Suppose -4*h + 24 = -g, 0*h - z = -3*h + g. What is the remainder when 23 is divided by h?
5
Let t be 21/14 - 6/(-4). Suppose -16 = t*i - 4*i. What is the remainder when 46 is divided by i?
14
Suppose 14*g - 150 = 242. What is the remainder when 75 is divided by g?
19
Suppose -450*v + 508 = -446*v. Calculate the remainder when v is divided by 8.
7
Let m = 13 + -15. Let t be m/4*(11 - 17). Suppose -14 = -4*p - 5*g, -t*g = 7 - 1. What is the remainder when 22 is divided by p?
4
Let u be 2/(-12) - 37/(-6). Suppose 10*i - 44 = u*i. Calculate the remainder when 31 is divided by i.
9
Let b(r) = 13*r - 128. Calculate the remainder when 945 is divided by b(12).
21
Suppose -133*z + 173*z - 1880 = 0. Suppose 5*j - 2*x - 76 = 2*x, 0 = 2*j - 2*x - 32. What is the remainder when z is divided by j?
11
Suppose 2*g = -3*g - 170. Let k = 10 - g. Suppose -8*r - 324 = -35*r. What is the remainder when k is divided by r?
8
Let j = -10 - -23. What is the remainder when (2/(48/126))/(-6 - (-738)/120) is divided by j?
9
What is the remainder when 31 is divided by 140/(-24) + 6 + 166/12?
3
Let v(j) = -4*j**2 + 67*j + 6. What is the remainder when v(14) is divided by 9?
7
Let y = -92 + 94. Let s(f) = f**3 - 3*f**2 + 3*f - 4. Let l be s(3). Let d = l - 2. Calculate the remainder when d is divided by y.
1
Let d(x) = 8*x**2 + 6*x + 13. Calculate the remainder when d(-2) is divided by 19.
14
Let v = -261 + 455. Calculate the remainder when v is divided by 50.
44
Let b(j) = -j**2 + j + 16. Let g be b(0). Let n = 7 - g. What is the remainder when 43 is divided by (n + 31)*(1 - 0)?
21
Let d(j) = j**2 - 5*j - 48. Let s be d(10). Suppose -u = -s*a + 2*u + 37, -4*a + 86 = -2*u. Calculate the remainder when 183 is divided by a.
22
Suppose 0 = 4*g + 2 - 98. Let l = 5 + -15. Let h(u) = u + 23. Calculate the remainder when g is divided by h(l).
11
Let i(v) = -15*v**3 + v**2 + 5*v - 5. What is the remainder when i(-3) is divided by 33?
31
Let d(j) = -j**3 - j**2 - 2*j - 5. Let i be d(5). Let v = -111 - i. What is the remainder when v is divided by 27 - (2/(-4) + 3/(-6))?
26
Let k be -68*(33/12)/(-1). Suppose 3*l - 178 = 2*u, -5*l = 5*u - 93 - k. Let s = -1 + l. Calculate the remainder when s is divided by 20.
17
Let c = 78 - 76. Suppose 0 = 2*p - c*q - 46, 3*q + 68 = 3*p + q. Let g = 24 + 19. Calculate the remainder when g is divided by p.
21
Let p(l) = -2*l - 5. Let d = 15 + 245. Suppose 3*n - d = -n - 2*z, z = -5*n + 328. Calculate the remainder when n is divided by p(-14).
20
Suppose -s + 2*r - 15 = -3, 5*s - r + 87 = 0. Let p = s - -24. Calculate the remainder when 41 is divided by p.
5
Suppose -788 = -82*o + 1918. Calculate the remainder when o is divided by 12.
9
Suppose -7*u + 59 = -18. Calculate the remainder when 19 is divided by u.
8
Suppose 0 = -4*g - 2*a + 650, 4*g - 303 - 348 = -a. Calculate the remainder when g is divided by 33.
31
Suppose 0 = f - 3. Suppose z - 3*z = -34. Suppose -z*u + 21*u = 28. What is the remainder when u is divided by f?
1
What is the remainder when 208*4 + 5/(20/12) is divided by 38?
37
Suppose -3*i = -5*i + 84. What is the remainder when 1174 is divided by i?
40
Let a(w) = w**2 + w + 11. Suppose -28 = -2*h + 4*f, -h = -2*h - 4*f + 32. Calculate the remainder when h is divided by a(0).
9
Let c be (-18)/(-45) + (-54)/(-15). Suppose 0 = c*n - 4*f - 160, -8*n + 34 = -7*n + 5*f. Calculate the remainder when n is divided by 15.
9
Let m(j) = j**3 + 10*j**2 - j + 5. What is the remainder when m(-9) is divided by 44?
7
Suppose -44*n = -42*n - 86. Calculate the remainder when n is divided by 9 + 1 + (4 - 2).
7
Let i = 3125 - 3090. Suppose 4*a - 210 - 342 = 2*d, 0 = -4*a + 4*d + 556. Calculate the remainder when a is divided by i.
32
Let n be ((-3)